vative of g**7/840 - 13*g**6/360 + 13*g**5/120 - 5*g**4/24 - g**3/6 + g. Let a(m) be the second derivative of v(m). Is a(12) prime?
True
Let z(l) = 81*l + 2. Is z(1) a composite number?
False
Suppose 4*t = 11 + 5. Suppose t*m - 162 = -2*f, f - 9*m = -4*m + 95. Is f a prime number?
False
Suppose 5*y - 6680 + 1785 = 0. Is y composite?
True
Let n = 632 - 285. Is n prime?
True
Is 97 - (-3)/((-9)/12) a prime number?
False
Let q be (280/30)/((-2)/(-3)). Is q/21*(-423)/(-2) composite?
True
Let b(k) = -k**2 + 6*k - 2. Let v be b(5). Suppose v*m + 0*m = 6. Suppose 0 = -m*n - 0*n + 30. Is n a prime number?
False
Let g be 170/(-3) - 1/3. Suppose 352 = z + 3*z. Let h = g + z. Is h a composite number?
False
Is (0 + 69/6)*74 a composite number?
True
Suppose -4*f + m + 207 = 0, -f + 3*m + 29 = -9. Is f prime?
True
Is (8/6)/(6/(-33237)*-3) composite?
True
Let v = 2 + 3. Suppose -v*n - 2*t = -3*n - 232, n - 3*t = 132. Suppose -b + n + 49 = 3*k, -2*k = b - 114. Is k a composite number?
True
Suppose -3 = q - 1. Is 1 - (94 + q)/(-1) composite?
True
Suppose o = -3*o + 16. Suppose -o*p = r - 17, -r = 5*p + 4*r - 40. Suppose -2*z + 74 = -4*x, -2*z - 4*x - 41 = -p*z. Is z prime?
False
Suppose 119 = -3*f - 2*t + 439, -2*f = -3*t - 209. Is f composite?
True
Suppose -2*d = d - 6, -o = -2*d. Let g = o - 1. Suppose -u = g*u - 44. Is u prime?
True
Let u be (2/2)/((-4)/412). Let j be u - (1*-4 + 3). Let b = j + 157. Is b a prime number?
False
Suppose 4*r - r = -5*v + 997, r - 3*v - 323 = 0. Is r a prime number?
False
Suppose -3*i - 312 - 138 = -3*m, -2*m + 301 = -3*i. Is m a composite number?
False
Let m be ((-7)/2)/((-8)/(-16)). Is 4/m + (-999)/(-21) prime?
True
Suppose -4*r - 2 = -a, 0 = 3*a - 2 - 4. Suppose 2*z = -r - 4. Let h = 9 + z. Is h composite?
False
Suppose -2*n + 566 = 52. Is n a composite number?
False
Suppose 0*g = -g + 463. Let f = -206 + g. Is f prime?
True
Let a(r) = r**3 + 5*r**2 + 6*r + 6. Let i be a(-4). Let f = 39 + i. Is f composite?
False
Suppose w - 3 = -6. Let g = w - 1. Let h = 11 + g. Is h prime?
True
Suppose 76 = 2*l + 3*a, 3*a + 46 + 123 = 5*l. Is l composite?
True
Suppose 2*u - 10 = -6*w + w, w - 2 = 2*u. Suppose u = q - 69 - 0. Is q a prime number?
False
Let d = -10 - -14. Let j = 4 - d. Suppose -4*q + j*z + 353 = z, -2*q + 181 = -z. Is q a composite number?
False
Let m(g) = -g**3 - g**2 + g + 304. Let x be m(0). Let r = x - 183. Is r composite?
True
Suppose 0 = o - 2*b + 2 - 12, 0 = 4*o + 3*b + 15. Suppose -2*m + o*m = -170. Is m composite?
True
Suppose 4*a = -4, -2*t + 2*a = 3*a - 901. Is t a prime number?
False
Let f(s) = s**2 + s. Let l(k) = k**3 - 6*k - 2. Let i(z) = 5*f(z) - l(z). Let c be i(11). Let x = -316 - c. Is x prime?
False
Suppose 3*x + 4 - 198 = -2*u, 0 = 4*u - 5*x - 410. Let j = 174 - u. Suppose 0*s + s = j. Is s prime?
False
Let h(j) = 64*j + 4. Let d be h(6). Suppose -n - 3*n + d = 0. Is n prime?
True
Let n = -670 + 1655. Is n a prime number?
False
Let z(w) = -28*w - 9. Let a(q) = 141*q + 46. Let x(t) = -2*a(t) - 11*z(t). Is x(4) composite?
True
Let o = -158 - -3111. Is o a prime number?
True
Let o = 13483 + -6714. Is o composite?
True
Let f(w) = -2*w**3 - 7*w**2 - 8*w + 1. Is f(-8) composite?
False
Let x(d) = 6 - 6*d - 5*d + 2 - 4. Let a be -5 - 6/(-3*1). Is x(a) composite?
False
Let r(n) = -n**2 - 8*n. Let m be r(-8). Suppose l + m*h - 62 = 2*h, 0 = -3*l - h + 172. Is l a composite number?
True
Suppose 3 = -4*m + 15. Let d = m + -7. Is (-3 + (-178)/d)*2 a prime number?
True
Let c be (-171)/6*(-2)/3. Suppose -2*h = -2*f + 2, 2*f - f = 5*h - c. Let w(k) = -k**3 + 7*k**2 + 6*k - 7. Is w(f) composite?
True
Let q(w) = w**3 + 12*w**2 - 12*w + 10. Is q(-11) composite?
False
Suppose -3*l + 177 = -0*l. Is l prime?
True
Let t(r) = 1672*r + 1. Is t(1) composite?
True
Let i(h) = 2*h**2 - 4. Is i(-9) composite?
True
Let m(c) = 253*c - 7. Is m(6) composite?
False
Let b be (-1 - 5)/(54/(-6228)). Let a = b + -475. Is a composite?
True
Let k = 1028 + -357. Is k composite?
True
Let w = 3 + -1. Suppose 0 = -w*m + 3*b + 583, -m + 4*b = -289 - 0. Is m a composite number?
False
Let c(q) = q - 3. Let l be c(-3). Let v = l - -8. Suppose -v*n - 110 = -4*n. Is n a composite number?
True
Let i(v) = v**2 - 6*v + 4. Let o be i(5). Let t be -1 - 1/o - -2. Suppose -3*x = -t*l - 11, -4*x = -5*x + 5. Is l composite?
False
Let u(z) = 214*z**2 - 4*z - 3. Let r be u(-3). Suppose -2*g - g = -r. Suppose -2*j + g = 5*s, -2*s + 0*s + 244 = -2*j. Is s prime?
True
Let w(v) = 8*v**3 + v**2 - v + 1. Let u be w(2). Let g be (0 + 2)/1 + 32. Let h = u - g. Is h a composite number?
True
Let s = 6 - 1. Let t(k) = 24*k + 3. Let r be t(s). Suppose 2*x - 4*w = 42, -4*x - 29 = 2*w - r. Is x a prime number?
True
Suppose -17396 + 5558 = -6*o. Is o composite?
False
Let z(r) = r**3 + r - 2. Let m be z(2). Let y be 39/12 - 2/m. Suppose 0 = o + y*l - 4*l - 56, 5*l = -5. Is o composite?
True
Let a(t) = 25*t**2 + t + 7. Let g(z) = 50*z**2 + 3*z + 15. Let m(w) = -7*a(w) + 3*g(w). Let r be m(-3). Is (r + -2)*(-4)/12 composite?
False
Suppose -b - 4*m + 2 = 0, -2*b + 4 = -0*b - 5*m. Suppose -h + b*h - 37 = 0. Is h composite?
False
Let o(g) = 155*g**2 - 8*g - 11. Is o(4) prime?
True
Let x be (-2)/((-1)/(-3) + -1). Is ((-2)/x)/(2/(-1038)) a composite number?
True
Suppose 0 = -8*m + 2*m + 6522. Is m a prime number?
True
Suppose 14 = 2*y - 6. Is 248/y*(-55)/(-22) prime?
False
Let w(a) be the first derivative of -2*a**3/3 - 2*a**2 - 4*a - 2. Let i be w(-3). Is (i/(-5))/(4/74) prime?
True
Suppose -3*f = -4*z + f + 2596, -3*z = -f - 1947. Is z a composite number?
True
Let h be -2 - 525 - 6/(-2). Let i = -333 - h. Is i a prime number?
True
Let f(z) = 3*z - 23. Let o be f(9). Let j(h) = -h**3 + 2*h**2 - h + 2. Let p be j(2). Suppose -212 = -o*x - p*x. Is x a composite number?
False
Suppose k + 0 - 7 = 3*l, -4*k + 14 = 2*l. Suppose -r = k*r + 80. Let o = r - -53. Is o composite?
False
Let i = 173 + -117. Suppose -5*v + 2*j = -v - i, 3*v = 5*j + 35. Is v a composite number?
True
Let o = -4 - -7. Suppose i - 8 = -4*t - o*i, 2*i = -5*t + 22. Is t composite?
True
Let j(k) = k + 6 - 3*k - 5*k. Let h be j(4). Let c = h - -45. Is c a prime number?
True
Let p = 10 - 2. Suppose -2*h + 7*b = 2*b - 1, -4*h = -4*b - p. Suppose h*q - q = 74. Is q prime?
True
Suppose 10*t = 9*t + 2901. Is t a composite number?
True
Let n(w) = -50*w - 5. Suppose -k + 2*y + 2*y - 11 = 0, -3*k - 13 = -2*y. Is n(k) prime?
False
Is 1254/8 + 9/36 a prime number?
True
Suppose -4*f - s + 3691 = -2*f, -3*f = -5*s - 5504. Is f prime?
False
Let x(a) = -a**3 + 4*a**2 - a + 4. Let h be x(4). Suppose 4*z - 3 - 13 = h. Suppose 2*t = -n + 131, 5*t = t - z*n + 264. Is t a composite number?
True
Suppose 3*f + 3*a = 2*a + 1120, 5*a = 4*f - 1506. Is f + 2*(-12)/(-8) prime?
False
Suppose -4*v + 4*n - 126 = -6*v, -5*v - n = -342. Is v prime?
False
Suppose u = -2*u. Suppose u = -2*s + 553 + 189. Is s composite?
True
Suppose -4*u = -4*h - 72, u + 2*u + 3*h = 84. Is u a composite number?
False
Let c(h) = -42*h**3 + 5*h**2 - h - 1. Let s(q) = -43*q**3 + 6*q**2 - q - 1. Let i(r) = 6*c(r) - 5*s(r). Is i(-1) a composite number?
False
Let d(b) = b - 6. Let a be d(7). Is a*(3 + 158/1) composite?
True
Suppose -3*p - 131 = -4*p. Is p prime?
True
Let i(c) = -1099*c - 24. Is i(-5) composite?
False
Let v be 9/(2 - -1) + -1. Suppose v*m - 5*m + 93 = 0. Is m prime?
True
Is ((-9)/((-54)/3052))/(6/9) prime?
False
Suppose 3*c - 8*c + 167 = k, 4*c = k - 176. Suppose -h + 3*h - k = 3*u, -4*h + 4*u = -336. Suppose 2*r = -4*t + h, 2*r - 3*r - 93 = -5*t. Is t composite?
False
Let d = 18 + -11. Suppose 0 = -d*s + 3*s + 12. Suppose -2*x - x - s*q = -108, -172 = -5*x + 3*q. Is x a prime number?
False
Let r = 147 - 251. Let k = 341 + r. Is k prime?
False
Is (24/24)/(2/20) a prime number?
False
Let l(b) = 18*b**2 - 9*b + 2. Is l(11) prime?
True
Let t = -30 + 6. Let u = 187 + t. Is u a prime number?
True
Let u = -1 - -1. Suppose u = 4*i - 5*i + 15. Is i prime?
False
Let y(v) = v**3 + 4*v**2 - 8*v - 8. Let a be y(-6). Is (-2 + 1)*(-5 + a) composite?
False
Let q be (-1)/(-7) + (-78)/(-42). Suppose -s - 110 = -5*r - q*s, 89 = 4*r + s. Is r a composite number?
True
Let d(s) = 6*s + 21. Is d(30) a prime number?
False
Suppose 2*p - 3 = a - 0*a, 5*a = 4*p + 3. Suppose -5*s + 4*w 